lions digit of 274449063?
7
What is the thousands digit of 36444751?
4
What is the tens digit of 4746527424?
2
What is the billions digit of 1215201247?
1
What is the hundreds digit of 9486218117?
1
What is the hundred millions digit of 757317859?
7
What is the thousands digit of 1319874644?
4
What is the hundreds digit of 126972633?
6
What is the units digit of 1021623175?
5
What is the hundred thousands digit of 42863308?
8
What is the ten millions digit of 3880667760?
8
What is the millions digit of 2599798673?
9
What is the thousands digit of 248127860?
7
What is the ten thousands digit of 180132844?
3
What is the hundreds digit of 453797449?
4
What is the tens digit of 55319306?
0
What is the thousands digit of 6679705493?
5
What is the ten thousands digit of 121671069?
7
What is the hundred thousands digit of 47177313?
1
What is the hundred thousands digit of 84276233?
2
What is the hundreds digit of 288950979?
9
What is the tens digit of 679902077?
7
What is the ten millions digit of 41536507?
4
What is the ten thousands digit of 80734161?
3
What is the hundred millions digit of 891790034?
8
What is the ten thousands digit of 42352171?
5
What is the hundreds digit of 54708044?
0
What is the millions digit of 573702092?
3
What is the ten millions digit of 105182009?
0
What is the thousands digit of 230591119?
1
What is the hundred thousands digit of 345171155?
1
What is the hundreds digit of 48358654?
6
What is the units digit of 3447765455?
5
What is the ten thousands digit of 121467244?
6
What is the tens digit of 297644963?
6
What is the hundred thousands digit of 9640910835?
9
What is the tens digit of 85578954?
5
What is the tens digit of 447832569?
6
What is the tens digit of 512452609?
0
What is the ten thousands digit of 60090513?
9
What is the units digit of 795700541?
1
What is the ten millions digit of 1060152846?
6
What is the ten thousands digit of 29552613?
5
What is the tens digit of 61022137?
3
What is the units digit of 2036407916?
6
What is the thousands digit of 204656122?
6
What is the ten thousands digit of 591628505?
2
What is the ten thousands digit of 93574464?
7
What is the units digit of 87064368?
8
What is the ten millions digit of 70670889?
7
What is the ten thousands digit of 6258685343?
8
What is the hundreds digit of 16859212?
2
What is the millions digit of 87043886?
7
What is the hundred thousands digit of 109725548?
7
What is the millions digit of 79069930?
9
What is the thousands digit of 120659698?
9
What is the ten thousands digit of 6199492312?
9
What is the units digit of 260706062?
2
What is the hundred thousands digit of 47876790?
8
What is the ten millions digit of 75438702?
7
What is the ten thousands digit of 443484170?
8
What is the hundreds digit of 36493912?
9
What is the hundred millions digit of 650719913?
6
What is the millions digit of 1236310777?
6
What is the units digit of 102055473?
3
What is the billions digit of 4151159453?
4
What is the hundred thousands digit of 1129369178?
3
What is the units digit of 20376792?
2
What is the hundred thousands digit of 21646007?
6
What is the hundreds digit of 482318202?
2
What is the thousands digit of 1148463312?
3
What is the thousands digit of 455765332?
5
What is the millions digit of 123973553?
3
What is the hundreds digit of 63860238?
2
What is the tens digit of 709765624?
2
What is the hundred millions digit of 631662070?
6
What is the hundreds digit of 404636769?
7
What is the tens digit of 95885261?
6
What is the hundreds digit of 39856281?
2
What is the units digit of 922675903?
3
What is the units digit of 102061290?
0
What is the thousands digit of 219312588?
2
What is the billions digit of 2860315526?
2
What is the tens digit of 957552393?
9
What is the ten millions digit of 365852887?
6
What is the units digit of 31769211?
1
What is the hundreds digit of 30765875?
8
What is the millions digit of 5479010495?
9
What is the ten thousands digit of 120895711?
9
What is the tens digit of 64531018?
1
What is the hundred millions digit of 835187560?
8
What is the ten thousands digit of 1510756885?
5
What is the tens digit of 4653073?
7
What is the ten thousands digit of 1719825152?
2
What is the ten thousands digit of 60328268?
2
What is the millions digit of 1849362184?
9
What is the ten thousands digit of 2234385097?
8
What is the ten millions digit of 683475332?
8
What is the ten thousands digit of 8387778873?
7
What is the units digit of 166302923?
3
What is the tens digit of 2421063436?
3
What is the units digit of 2102952259?
9
What is the hundred thousands digit of 790712941?
7
What is the ten thousands digit of 3188805185?
0
What is the billions digit of 6614781710?
6
What is the ten thousands digit of 16390664?
9
What is the hundred millions digit of 3678926769?
6
What is the hundred millions digit of 373098018?
3
What is the ten millions digit of 3194647437?
9
What is the tens digit of 60927202?
0
What is the thousands digit of 4586522?
6
What is the tens digit of 438399056?
5
What is the units digit of 103167108?
8
What is the ten millions digit of 32571978?
3
What is the hundreds digit of 126623183?
1
What is the units digit of 41249849?
9
What is the hundred millions digit of 1780193642?
7
What is the hundred thousands digit of 1830931103?
9
What is the billions digit of 1037143593?
1
What is the thousands digit of 58220171?
0
What is the units digit of 190501098?
8
What is the units digit of 6477469094?
4
What is the tens digit of 63083435?
3
What is the tens digit of 2845280793?
9
What is the thousands digit of 72082680?
2
What is the hundreds digit of 2090815363?
3
What is the tens digit of 1327067051?
5
What is the ten millions digit of 65088414?
6
What is the units digit of 162452852?
2
What is the ten thousands digit of 211275790?
7
What is the hundred millions digit of 1064655800?
0
What is the ten millions digit of 844261134?
4
What is the units digit of 51957289?
9
What is the units digit of 1281095888?
8
What is the hundred millions digit of 337493196?
3
What is the hundred thousands digit of 742880287?
8
What is the hundreds digit of 122936614?
6
What is the thousands digit of 2659238322?
8
What is the hundred millions digit of 589544554?
5
What is the ten millions digit of 136335839?
3
What is the units digit of 288472890?
0
What is the units digit of 874804872?
2
What is the tens digit of 33126852?
5
What is the hundreds digit of 92248179?
1
What is the units digit of 24317944?
4
What is the millions digit of 178508333?
8
What is the hundred thousands digit of 1418452555?
4
What is the tens digit of 87527035?
3
What is the units digit of 1282766204?
4
What is the thousands digit of 113209631?
9
What is the hundreds digit of 1608657123?
1
What is the billions digit of 5577391206?
5
What is the ten thousands digit of 282490454?
9
What is the ten thousands digit of 4257555?
5
What is the hundred thousands digit of 359875868?
8
What is the ten thousands digit of 2257953097?
5
What is the units digit of 12144252?
2
What is the hundred millions digit of 818134650?
8
What is the units digit of 74686531?
1
What is the tens digit of 24101549?
4
What is the hundred thousands digit of 24637784?
6
What is the hundred thousands digit of 21291593?
2
What is the hundred millions digit of 820696780?
8
What is the tens digit of 698474852?
5
What is the hundreds digit of 20224731?
7
What is the ten thousands digit of 86628834?
2
What is the ten millions digit of 43544091?
4
What is the ten millions digit of 58752225?
5
What is the hundred thousands digit of 80487795?
4
What is the units digit of 1778775266?
6
What is the thousands digit of 8297168?
7
What is the tens digit of 95590255?
5
What is the billions digit of 2469938545?
2
What is the hundreds digit of 9476081?
0
What is the millions digit of 2547432304?
7
What is the hundreds digit of 78018905?
9
What is the tens digit of 199957583?
8
What is the thousands digit of 283205266?
5
What is the hundred thousands digit of 293541246?
5
What is the tens digit of 929602113?
1
What is the millions digit of 34975637?
4
What is the ten millions digit of 2706766287?
0
What is the millions digit of 996002530?
6
What is the ten thousands digit of 729810493?
1
What is the millions di